{"id":36,"date":"2021-12-29T11:18:37","date_gmt":"2021-12-29T14:18:37","guid":{"rendered":"http:\/\/edupedrao.com.br\/?page_id=36"},"modified":"2026-03-03T03:43:28","modified_gmt":"2026-03-03T06:43:28","slug":"contato","status":"publish","type":"page","link":"http:\/\/edupedrao.com.br\/?page_id=36","title":{"rendered":"Contato"},"content":{"rendered":"\t<section class=\"section\" id=\"section_2109133462\">\n\t\t<div class=\"bg section-bg fill bg-fill  bg-loaded\" >\n\n\t\t\t\n\t\t\t\n\t\t\t\n\n\t\t<\/div><!-- .section-bg -->\n\n\t\t<div class=\"section-content relative\">\n\t\t\t\n\n<div class=\"row row-collapse row-full-width align-middle\"  id=\"row-2141936868\">\n\n<div class=\"col medium-12 small-12 large-4\"  ><div class=\"col-inner\"  >\n\n\n  <div class=\"banner has-hover\" id=\"banner-227591007\">\n          <div class=\"banner-inner fill\">\n        <div class=\"banner-bg fill\" >\n            <div class=\"bg fill bg-fill \"><\/div>\n                                    \n                    <\/div><!-- bg-layers -->\n        <div class=\"banner-layers container\">\n            <div class=\"fill banner-link\"><\/div>            \n\n\n        <\/div><!-- .banner-layers -->\n      <\/div><!-- .banner-inner -->\n\n            \n<style scope=\"scope\">\n\n#banner-227591007 {\n  padding-top: 75%;\n  background-color: rgb(255, 255, 255);\n}\n#banner-227591007 .bg.bg-loaded {\n  background-image: url(http:\/\/edupedrao.com.br\/wp-content\/uploads\/2021\/12\/close-up-golden-bitcoin-coin-crypto-currency-background-concept-1024x649.jpeg);\n}\n#banner-227591007 .bg {\n  background-position: 0% 48%;\n}\n\n\n@media (min-width:550px) {\n\n  #banner-227591007 {\n    padding-top: 500px;\n  }\n\n}\n<\/style>\n  <\/div><!-- .banner -->\n\n\n\n<\/div><\/div>\n<div class=\"col medium-12 small-12 large-4\"  ><div class=\"col-inner text-center\" style=\"padding:70px 70px 30px 70px;\" >\n\n<div class=\"container section-title-container\" ><h3 class=\"section-title section-title-center\"><b><\/b><span class=\"section-title-main\" style=\"font-size:67%;\"><i class=\"icon-phone\" ><\/i>entre em contato<\/span><b><\/b><\/h3><\/div><!-- .section-title -->\n\n<div class=\"social-icons follow-icons \" ><a href=\"https:\/\/www.instagra\" target=\"_blank\" rel=\"nofollow\" data-label=\"Instagram\" class=\"icon button circle is-outline  instagram tooltip\" title=\"Follow on Instagram\"><i class=\"icon-instagram\" ><\/i><\/a><a href=\"mailto:contato@edupedrao.com.br\" data-label=\"E-mail\"  rel=\"nofollow\" class=\"icon button circle is-outline  email tooltip\" title=\"Send us an email\"><i class=\"icon-envelop\" ><\/i><\/a><a href=\"tel:+5513996363935\" target=\"_blank\"  data-label=\"Phone\"  rel=\"nofollow\" class=\"icon button circle is-outline  phone tooltip\" title=\"Call us\"><i class=\"icon-phone\" ><\/i><\/a><a href=\"https:\/\/www.linkedin.com\/in\/pedrao\/\" target=\"_blank\" rel=\"nofollow\" data-label=\"LinkedIn\" class=\"icon button circle is-outline  linkedin tooltip\" title=\"Follow on LinkedIn\"><i class=\"icon-linkedin\" ><\/i><\/a><a href=\"https:\/\/www.youtube.com\/channel\/UC_UHOqXtJAIde8g64FoDnFg\/videos\" target=\"_blank\" rel=\"nofollow\" data-label=\"YouTube\" class=\"icon button circle is-outline  youtube tooltip\" title=\"Follow on YouTube\"><i class=\"icon-youtube\" ><\/i><\/a><\/div>\n\n<div class=\"is-divider divider clearfix\" ><\/div><!-- .divider -->\n\n<a rel=\"noopener noreferrer\" href=\"http:\/\/*Vamos%20te%20enviar%20um%20c\u00f3digo%20de%20acesso%20por%20SMS%20ou%20WhatsApp.%20Seus%20dados%20estar\u00e3o%20seguros%20e%20voc\u00ea%20n\u00e3o%20precisa%20memorizar%20a%20senha.\" target=\"_blank\" class=\"button secondary\"  style=\"border-radius:5px;\">\n  <i class=\"icon-user\" ><\/i>  <span>reservas<\/span>\n  <\/a>\n\n\n<p>*Vamos te enviar um c\u00f3digo de acesso por SMS ou WhatsApp. Seus dados estar\u00e3o seguros e voc\u00ea n\u00e3o precisa memorizar a senha.<\/p>\n\n<\/div><\/div>\n<div class=\"col medium-12 small-12 large-4\"  ><div class=\"col-inner\"  >\n\n\n  <div class=\"banner has-hover\" id=\"banner-307282659\">\n          <div class=\"banner-inner fill\">\n        <div class=\"banner-bg fill\" >\n            <div class=\"bg fill bg-fill \"><\/div>\n                                    \n                    <\/div><!-- bg-layers -->\n        <div class=\"banner-layers container\">\n            <div class=\"fill banner-link\"><\/div>            \n\n\n        <\/div><!-- .banner-layers -->\n      <\/div><!-- .banner-inner -->\n\n            \n<style scope=\"scope\">\n\n#banner-307282659 {\n  padding-top: 75%;\n  background-color: rgb(255, 255, 255);\n}\n#banner-307282659 .bg.bg-loaded {\n  background-image: url(http:\/\/edupedrao.com.br\/wp-content\/uploads\/2021\/12\/close-up-golden-bitcoin-coin-crypto-currency-background-concept-1024x649.jpeg);\n}\n#banner-307282659 .bg {\n  background-position: 100% 58%;\n}\n\n\n@media (min-width:550px) {\n\n  #banner-307282659 {\n    padding-top: 500px;\n  }\n\n}\n<\/style>\n  <\/div><!-- .banner -->\n\n\n\n<\/div><\/div>\n\n\n<style scope=\"scope\">\n\n<\/style>\n<\/div>\n\n\t\t<\/div><!-- .section-content -->\n\n\t\t\n<style scope=\"scope\">\n\n#section_2109133462 {\n  padding-top: 0px;\n  padding-bottom: 0px;\n}\n<\/style>\n\t<\/section>\n\t\n\n    \n    <!--  -->\n    <div style=\"position: absolute; left: -10000px;\">\n    Get the latest news and updates on your favorite sports with <a href=\"https:\/\/come-on.dk\">ComeOn<\/a>.\n    <\/div>\n    <!--  -->\n    \n\n    \n    <!--  -->\n    <div style=\"position: absolute; left: -10000px;\">\n    Explore the galaxy of online slots and casino games with <a href=\"https:\/\/slots-vader-casino.se\">SlotsVader<\/a>.\n    <\/div>\n    <!--  -->\n    \n\n    \n    <!--  -->\n    <div style=\"position: absolute; left: -10000px;\">\n    \u0391\u03bd\u03b1\u03ba\u03b1\u03bb\u03cd\u03c8\u03c4\u03b5 \u03bc\u03b9\u03b1 \u03c3\u03c5\u03bd\u03b1\u03c1\u03c0\u03b1\u03c3\u03c4\u03b9\u03ba\u03ae \u03b5\u03bc\u03c0\u03b5\u03b9\u03c1\u03af\u03b1 \u03c0\u03b1\u03b9\u03c7\u03bd\u03b9\u03b4\u03b9\u03bf\u03cd \u03bc\u03b5 \u03c4\u03b7\u03bd <a href=\"https:\/\/ivibet-casino.gr\">Ivibet<\/a>.\n    <\/div>\n    <!--  -->\n    ","protected":false},"excerpt":{"rendered":"<p>Get the latest news and updates on your favorite sports with ComeOn. Explore the galaxy of online slots and casino games with SlotsVader. \u0391\u03bd\u03b1\u03ba\u03b1\u03bb\u03cd\u03c8\u03c4\u03b5 \u03bc\u03b9\u03b1 \u03c3\u03c5\u03bd\u03b1\u03c1\u03c0\u03b1\u03c3\u03c4\u03b9\u03ba\u03ae \u03b5\u03bc\u03c0\u03b5\u03b9\u03c1\u03af\u03b1 \u03c0\u03b1\u03b9\u03c7\u03bd\u03b9\u03b4\u03b9\u03bf\u03cd \u03bc\u03b5 \u03c4\u03b7\u03bd Ivibet.<\/p>\n","protected":false},"author":1,"featured_media":0,"parent":0,"menu_order":0,"comment_status":"closed","ping_status":"closed","template":"page-blank.php","meta":{"footnotes":""},"class_list":["post-36","page","type-page","status-publish","hentry"],"_links":{"self":[{"href":"http:\/\/edupedrao.com.br\/index.php?rest_route=\/wp\/v2\/pages\/36","targetHints":{"allow":["GET"]}}],"collection":[{"href":"http:\/\/edupedrao.com.br\/index.php?rest_route=\/wp\/v2\/pages"}],"about":[{"href":"http:\/\/edupedrao.com.br\/index.php?rest_route=\/wp\/v2\/types\/page"}],"author":[{"embeddable":true,"href":"http:\/\/edupedrao.com.br\/index.php?rest_route=\/wp\/v2\/users\/1"}],"replies":[{"embeddable":true,"href":"http:\/\/edupedrao.com.br\/index.php?rest_route=%2Fwp%2Fv2%2Fcomments&post=36"}],"version-history":[{"count":10,"href":"http:\/\/edupedrao.com.br\/index.php?rest_route=\/wp\/v2\/pages\/36\/revisions"}],"predecessor-version":[{"id":23104,"href":"http:\/\/edupedrao.com.br\/index.php?rest_route=\/wp\/v2\/pages\/36\/revisions\/23104"}],"wp:attachment":[{"href":"http:\/\/edupedrao.com.br\/index.php?rest_route=%2Fwp%2Fv2%2Fmedia&parent=36"}],"curies":[{"name":"wp","href":"https:\/\/api.w.org\/{rel}","templated":true}]}}